 25*m - 23. Calculate x(-26).
3
Let c(m) = -2*m**2 + 41*m - 139. Calculate c(14).
43
Let o(v) = 89*v - 425. Calculate o(4).
-69
Let s(u) = -u**2 - 193*u + 1193. Determine s(6).
-1
Let l(o) = -3*o**3 - 247*o**2 - 329*o - 409. Determine l(-81).
-4
Let o(y) = -18*y + 130. Determine o(23).
-284
Let h(z) = -2*z**3 - 80*z**2 - 220*z + 74. Give h(-37).
0
Let j(x) = -x**3 + 29*x**2 + 80*x - 511. Give j(31).
47
Let u(m) = 27*m + 246. What is u(-9)?
3
Let p(y) = y**3 - 26*y**2 - 29*y + 65. Determine p(27).
11
Let p(u) = 2*u**3 + 25*u**2 + 12*u - 23. Calculate p(-12).
-23
Let v(j) = -6*j**3 - 13*j**2 + 33*j + 3. What is v(3)?
-177
Let y(w) = -4*w**2 - 60*w - 140. Calculate y(-12).
4
Let c(f) = 4*f**3 - 90*f**2 + 44*f + 9. Determine c(22).
9
Let v(u) = 7*u**3 + 270*u**2 - 116*u + 36. Give v(-39).
-3
Let u(n) = -4*n**2 - 89*n - 147. What is u(-22)?
-125
Let w(x) = x**2 - 169*x + 6116. Give w(55).
-154
Let n(f) = 3*f**3 + 58*f**2 + 156*f - 65. Calculate n(-16).
-1
Let s(i) = -4*i**2 + 154*i + 1060. Determine s(-6).
-8
Let j(c) = -61*c**2 - 255*c - 5. What is j(-4)?
39
Let a(o) = o**3 + 14*o**2 + 18*o - 170. Calculate a(-11).
-5
Let n(b) = -b**3 + 18*b**2 + 29*b - 183. Calculate n(19).
7
Let f(t) = 1033*t + 50610. Calculate f(-49).
-7
Let g(s) = -6*s**3 - 15*s**2 - 76*s + 231. Calculate g(2).
-29
Let r(k) = k**2 + 264*k + 17411. Calculate r(-137).
12
Let j(t) = 61*t + 2142. Give j(-35).
7
Let s(o) = 285*o**2 + 28*o + 29. Determine s(-1).
286
Let w(s) = 30*s**2 - 236*s + 2. What is w(8)?
34
Let n(w) = w**2 - 74*w - 6213. Determine n(-50).
-13
Let z(w) = -2*w**3 + 2*w**2 - 7*w + 24. Determine z(2).
2
Let i(n) = -24*n + 9. Give i(0).
9
Let m(i) = -i**3 + 7*i**2 - 25*i + 29. Determine m(4).
-23
Let s(y) = -19890*y + 99458. Calculate s(5).
8
Let z(m) = 10*m + 415. Calculate z(-42).
-5
Let w(s) = -2*s**3 + 43*s**2 - 28*s + 95. Give w(21).
-52
Let n(j) = j**2 + 26*j + 174. Give n(-12).
6
Let x(z) = 41*z - 1292. Determine x(31).
-21
Let w(t) = -48*t + 869. Calculate w(18).
5
Let n(d) = -13*d - 52. Give n(0).
-52
Let h(w) = -13*w**2 + 216*w - 895. Determine h(7).
-20
Let v(t) = t**3 - 19*t**2 + 39*t - 12. Give v(16).
-156
Let t(d) = -327*d + 4118. Determine t(13).
-133
Let x(p) = -p**3 - 2*p**2 + 49*p - 3. What is x(-8)?
-11
Let o(s) = -7*s**2 + 187*s + 1169. Give o(32).
-15
Let n(f) = -3*f + 51. Give n(29).
-36
Let s(t) = 20*t + 1829. Calculate s(-93).
-31
Let d(z) = 380*z + 339. Calculate d(-1).
-41
Let c(p) = -2*p**2 - 88*p - 192. What is c(-42)?
-24
Let i(b) = -7*b - 65. Determine i(-7).
-16
Let x(i) = i**2 + 810*i + 21156. What is x(-27)?
15
Let y(c) = c**3 - 9*c**2 - 2*c + 94. Determine y(8).
14
Let x(o) = 8*o**3 + 145*o**2 + 156*o + 51. What is x(-17)?
0
Let l(p) = -18*p + 196. Calculate l(10).
16
Let t(g) = -3*g**2 + 33*g - 56. Determine t(13).
-134
Let a(u) = 2*u**2 + 285*u - 1043. Calculate a(-146).
-21
Let i(s) = 2*s**3 - 20*s**2 - 7*s + 87. Determine i(10).
17
Let a(k) = -k**3 - 5*k**2 + 12*k + 54. Determine a(-4).
-10
Let w(n) = -2*n**2 - 91*n - 577. What is w(-38)?
-7
Let a(w) = 20*w + 339. What is a(-16)?
19
Let t(d) = -1113*d - 15578. Determine t(-14).
4
Let t(g) = 101*g - 592. Calculate t(6).
14
Let b(r) = -153*r + 1829. Determine b(12).
-7
Let n(c) = 28*c**2 + 49*c + 48. Calculate n(-1).
27
Let q(d) = 2*d**2 + 138*d - 5429. Give q(28).
3
Let l(k) = 4*k**2 - 20*k - 2. Determine l(-3).
94
Let c(o) = -366*o - 46477. Determine c(-127).
5
Let p(w) = -99*w - 1990. Calculate p(-20).
-10
Let r(m) = -4*m**2 - 25*m + 23. What is r(-7)?
2
Let y(u) = -u**2 - 3*u + 2. What is y(-3)?
2
Let g(c) = c**3 - 4*c**2 - 5*c - 11. Determine g(7).
101
Let c(r) = -147*r - 92. Give c(0).
-92
Let k(i) = -i**3 + 17*i**2 - 66*i - 14. Calculate k(14).
-350
Let a(m) = m**3 - 10*m**2 + 27*m - 44. What is a(6)?
-26
Let c(d) = d**2 - 18*d - 30. What is c(-7)?
145
Let g(k) = 23*k + 16. What is g(-5)?
-99
Let k(u) = 41*u - 77. Give k(5).
128
Let i(n) = 22*n**2 + 219*n + 38. Determine i(-10).
48
Let l(r) = -r**2 - 122*r - 2991. Determine l(-88).
1
Let i(d) = 4*d + 6. What is i(-12)?
-42
Let k(p) = 6*p**3 - 85*p**2 + 259*p - 29. What is k(10)?
61
Let x(u) = -u**3 + 27*u**2 - 180*u + 46. Give x(11).
2
Let c(q) = q**3 + 16*q**2 + 42*q + 58. What is c(-13)?
19
Let u(a) = -2*a**3 + 99*a - 37. Determine u(7).
-30
Let l(s) = s**3 - 13*s**2 - s - 6. Determine l(8).
-334
Let v(m) = m**3 + 8*m**2 + 17*m + 57. Give v(-5).
47
Let m(b) = -b**3 + 8*b**2 + 56*b - 444. What is m(9)?
-21
Let x(z) = -4*z**2 - 2*z + 7. What is x(-2)?
-5
Let x(l) = -l**3 - 6*l**2 - 24. What is x(-6)?
-24
Let u(n) = 271*n - 1635. Determine u(6).
-9
Let x(c) = -77*c + 1357. Determine x(17).
48
Let r(c) = 57*c - 182. Give r(3).
-11
Let p(m) = 91*m + 1791. Determine p(-22).
-211
Let j(m) = m**3 + 42*m**2 - 82*m + 150. Determine j(-44).
-114
Let d(o) = -42*o + 483. Calculate d(12).
-21
Let z(l) = -121*l - 1382. Give z(-11).
-51
Let d(l) = 6*l**2 + 23*l - 153. What is d(7)?
302
Let l(r) = -r**3 - 8*r**2 - 32*r - 87. Give l(-4).
-23
Let k(m) = -86*m + 181. Calculate k(-4).
525
Let x(b) = -10*b - 24. What is x(-10)?
76
Let z(r) = -12*r + 130. Determine z(18).
-86
Let k(l) = 1318*l + 594411. Determine k(-451).
-7
Let r(k) = -4545*k - 63629. What is r(-14)?
1
Let y(u) = -36*u**2 + 17*u + 52. Determine y(-2).
-126
Let k(f) = f**3 + 125*f**2 + 2014*f + 92. What is k(-106)?
92
Let r(b) = -2*b**2 - 12*b + 44. Give r(-8).
12
Let g(k) = 15*k**2 - 363*k + 9. Determine g(24).
-63
Let c(s) = s**3 - 33*s**2 + 33*s - 6. Calculate c(32).
26
Let j(c) = -c**2 + 276*c - 18638. Give j(118).
6
Let a(c) = c**3 + 2*c**2 - 295*c - 590. Calculate a(-2).
0
Let o(y) = -y**2 + 86*y - 909. What is o(69)?
264
Let g(z) = -10*z**2 - 92*z - 93. Give g(-9).
-75
Let j(l) = l**3 + 11*l**2 - 28*l - 188. Give j(-7).
204
Let m(s) = 1078*s - 13971. Give m(13).
43
Let b(w) = 4*w**3 - 7*w**2 + 7*w - 4. Give b(2).
14
Let z(p) = -4*p + 548. What is z(41)?
384
Let i(c) = -20*c + 158. Calculate i(9).
-22
Let k(d) = -d**3 + 15*d**2 - 110*d + 847. Calculate k(11).
121
Let i(b) = -b**3 - 8*b**2 - 2*b - 18. Give i(-6).
-78
Let t(c) = -2*c**2 - 13*c + 154. Determine t(-14).
-56
Let h(d) = -24*d - 157. Calculate h(-10).
83
Let q(w) = -w**2 - 23*w + 111. What is q(-13)?
241
Let t(o) = 191*o - 17749. What is t(93)?
14
Let n(w) = -3*w**3 - 34*w**2 + 34*w + 89. What is n(-12)?
-31
Let l(d) = -d**3 + 6*d**2 + 85*d - 29. Give l(-7).
13
Let k(s) = s**2 - 13*s - 128. Determine k(11).
-150
Let t(p) = -2625*p - 34112. What is t(-13)?
13
Let l(x) = -x**3 - 19*x**2 - 23*x - 77. Give l(-12).
-809
Let z(s) = -s**2 + 20*s - 60. Give z(15).
15
Let i(k) = k**2 + 309*k + 2408. What is i(-8)?
0
Let a(x) = x**3 + 2*x**2 - 54*x - 149. What is a(-3)?
4
Let o(k) = -98*k - 668. Calculate o(-8).
116
Let n(u) = -u**3 - 15*u**2 - 5*u + 153. Determine n(-4).
-3
Let y(n) = 51*n - 2634. What is y(52)?
18
Let q(j) = j**3 + 8*j**2 - 60*j - 419. What is q(-8)?
61
Let c(y) = 36*y + 163. Calculate c(-6).
-53
Let t(b) = -3*b**3 + 41*b**2 - 36*b + 11. Determine t(12).
299
Let z(f) = 6*f**2 + 6*f + 2. Calculate z(-1).
2
Let k(o) = o**2 + 49*o + 143. What is k(-3)?
5
Let f(r) = 388*r - 803. What is f(2)?
-27
Let h(j) = 6*j**2 + 54*j + 135. Calculate h(-4).
15
Let a(b) = 18*b**2 - 1684*b + 925. Give a(93).
-5
Let g(y) = 289*y + 9823. Determine g(-34).
-3
Let f(p) = p**2 - 32*p + 208. Determine f(9).
1
Let k(g) = -g**3 - 44*g**2 + 85*g + 3738. Calculate k(-44).
-2
Let o(l) = 4*l**3 + 29*l**2 + 11*l + 2. Determine o(-8).
-278
Let q(u) = 2906*u - 11617. Determine q(4).
7
Let p(g) = g**3 + 2*g**2 + 14*g - 15. Give p(1).
2
Let a(x) = -x**3 - 108*x**2 - 516*x - 116. Determine a(-103).
-13
Let k(l) = -53*l + 7728. Calculate k(146).
-10
Let y(g) = -18*g - 28. Calculate y(-2).
8
Let b(a) = -a**3 + a**2 + 8*a - 8. Determine b(4).
-24
Let p(n) = -16*n**2 - 202*n - 4. Determine p(-9).
518
Let q(p) = -p**2 - 33*p - 117. Determine q(-8).
83
Let f(s) = -s**3 + 14*s**2 + 35*s - 56. What is f(-3)?
-8
Let k(a) = a - 69. Calculate k(6).
-63
Let g(o) = -1450*o - 2957. What is g(-2)?
-57
Let m(d) = -702*d + 6134. Calculate m(8).
518
Let r(w) = 5*w + 8. What is r(7)?
43
Let m(k) = k**3 - 296*k**2 + 4474*k + 1684. Calculate m(280).
4
Let u(b) = b**3 + 43*b**2 + 447*b - 224. Give u(-24).
-8
Let k(c) = c**3 + 13*c**2 + 9*c + 270. Calcula